{"id":827,"date":"2023-03-21T21:48:43","date_gmt":"2023-03-21T14:48:43","guid":{"rendered":"https:\/\/demo8.thanhdientech.com\/menard\/?page_id=827"},"modified":"2023-03-21T21:48:43","modified_gmt":"2023-03-21T14:48:43","slug":"chinh-sach-giai-quyet-khieu-nai","status":"publish","type":"page","link":"https:\/\/demo8.thanhdientech.com\/menard\/chinh-sach-giai-quyet-khieu-nai.html","title":{"rendered":"CH\u00cdNH S\u00c1CH GI\u1ea2I QUY\u1ebeT KHI\u1ebeU N\u1ea0I"},"content":{"rendered":"<h1>CH\u00cdNH S\u00c1CH GI\u1ea2I QUY\u1ebeT KHI\u1ebeU N\u1ea0I<\/h1>\n<p>Menard lu\u00f4n c\u00f3 tr\u00e1ch nhi\u1ec7m ti\u1ebfp nh\u1eadn v\u00e0 x\u1eed l\u00fd khi\u1ebfu n\u1ea1i c\u1ee7a Kh\u00e1ch h\u00e0ng li\u00ean quan \u0111\u1ebfn giao d\u1ecbch t\u1ea1i website shop.menard.vn. Khi ph\u00e1t sinh c\u00e1c khi\u1ebfu n\u1ea1i, tranh ch\u1ea5p, Menard \u0111\u1ec1 cao gi\u1ea3i ph\u00e1p th\u01b0\u01a1ng l\u01b0\u1ee3ng, h\u00f2a gi\u1ea3i gi\u1eefa c\u00e1c b\u00ean nh\u1eb1m duy tr\u00ec m\u1ed1i quan h\u1ec7, s\u1ef1 tin c\u1eady c\u1ee7a Kh\u00e1ch h\u00e0ng v\u00e0o ch\u1ea5t l\u01b0\u1ee3ng d\u1ecbch v\u1ee5 c\u1ee7a Menard<\/p>\n<h2>Quy tr\u00ecnh khi\u1ebfu n\u1ea1i th\u1ef1c hi\u1ec7n theo c\u00e1c b\u01b0\u1edbc sau:<\/h2>\n<p><strong>B\u01b0\u1edbc 1:<\/strong>\u00a0Kh\u00e1ch h\u00e0ng khi\u1ebfu n\u1ea1i v\u1ec1 h\u00e0ng h\u00f3a, d\u1ecbch v\u1ee5 mua tr\u00ean website shop.menard.vn th\u1ef1c hi\u1ec7n qua:<\/p>\n<p>G\u1eedi th\u01b0 \u0111i\u1ec7n t\u1eed \u0111\u1ebfn \u0111\u1ecba ch\u1ec9 email: hotro@menard.vn<\/p>\n<p>G\u1ecdi \u0111i\u1ec7n \u0111\u1ebfn Hotline 0379 01 01 01<\/p>\n<p>Ng\u01b0\u1eddi mua g\u1eedi khi\u1ebfu n\u1ea1i t\u1ea1i \u0111\u1ecba ch\u1ec9: C\u00f4ng ty TNHH Th\u01b0\u01a1ng m\u1ea1i Thi\u00ean Th\u1ee7y M\u1ed9c<\/p>\n<p>\u0110\u1ecba ch\u1ec9: T\u1ea7ng 1, T\u00f2a nh\u00e0 VMT \u2013 86 Duy T\u00e2n \u2013 C\u1ea7u Gi\u1ea5y \u2013 H\u00e0 N\u1ed9i<\/p>\n<p><strong>B\u01b0\u1edbc 2:<\/strong>\u00a0B\u1ed9 ph\u1eadn Ch\u0103m s\u00f3c kh\u00e1ch h\u00e0ng v\u00e0 Gi\u1ea3i quy\u1ebft khi\u1ebfu n\u1ea1i s\u1ebd ti\u1ebfp nh\u1eadn c\u00e1c khi\u1ebfu n\u1ea1i, li\u00ean h\u1ec7 l\u00e0m r\u00f5 c\u00e1c y\u00eau c\u1ea7u c\u1ee7a Kh\u00e1ch h\u00e0ng trong th\u1eddi gian s\u1edbm nh\u1ea5t c\u00f3 th\u1ec3 v\u00e0 kh\u00f4ng qu\u00e1 5 ng\u00e0y l\u00e0m vi\u1ec7c, k\u1ec3 t\u1eeb ng\u00e0y nh\u1eadn \u0111\u01b0\u1ee3c y\u00eau c\u1ea7u. T\u00f9y theo t\u00ednh ch\u1ea5t v\u00e0 m\u1ee9c \u0111\u1ed9 c\u1ee7a s\u1ef1 vi\u1ec7c, Menard s\u1ebd c\u00f3 nh\u1eefng bi\u1ec7n ph\u00e1p c\u1ee5 th\u1ec3 \u0111\u1ec3 h\u1ed7 tr\u1ee3 kh\u00e1ch h\u00e0ng gi\u1ea3i quy\u1ebft khi\u1ebfu n\u1ea1i, tranh ch\u1ea5p.<\/p>\n<p><strong>B\u01b0\u1edbc 3:<\/strong>\u00a0Menard c\u00f3 th\u1ec3 y\u00eau c\u1ea7u Kh\u00e1ch h\u00e0ng cung c\u1ea5p c\u00e1c th\u00f4ng tin, b\u1eb1ng ch\u1ee9ng li\u00ean quan \u0111\u1ebfn giao d\u1ecbch, s\u1ea3n ph\u1ea9m \u0111\u1ec3 x\u00e1c minh, l\u00e0m r\u00f5 v\u1ee5 vi\u1ec7c v\u00e0 c\u00f3 h\u01b0\u1edbng x\u1eed l\u00fd th\u00edch h\u1ee3p.<\/p>\n<p>B\u1ea5t k\u1ef3 tranh c\u00e3i, khi\u1ebfu n\u1ea1i ho\u1eb7c tranh ch\u1ea5p ph\u00e1t sinh t\u1eeb ho\u1eb7c li\u00ean quan \u0111\u1ebfn giao d\u1ecbch t\u1ea1i Website ho\u1eb7c c\u00e1c Quy \u0111\u1ecbnh v\u00e0 \u0110i\u1ec1u ki\u1ec7n n\u00e0y \u0111\u1ec1u s\u1ebd \u0111\u01b0\u1ee3c gi\u1ea3i quy\u1ebft b\u1eb1ng h\u00ecnh th\u1ee9c th\u01b0\u01a1ng l\u01b0\u1ee3ng, h\u00f2a gi\u1ea3i, tr\u1ecdng t\u00e0i v\u00e0\/ho\u1eb7c T\u00f2a \u00e1n theo Lu\u1eadt B\u1ea3o v\u1ec7 quy\u1ec1n l\u1ee3i ng\u01b0\u1eddi ti\u00eau d\u00f9ng n\u0103m 2010, t\u1ea1i Ch\u01b0\u01a1ng 4 v\u1ec1 Gi\u1ea3i quy\u1ebft tranh ch\u1ea5p gi\u1eefa ng\u01b0\u1eddi ti\u00eau d\u00f9ng v\u00e0 t\u1ed5 ch\u1ee9c, c\u00e1 nh\u00e2n kinh doanh h\u00e0ng h\u00f3a, d\u1ecbch v\u1ee5.<\/p>\n<p>Ng\u00e0y hi\u1ec7u l\u1ef1c ch\u00ednh s\u00e1ch<\/p>\n","protected":false},"excerpt":{"rendered":"<p>CH\u00cdNH S\u00c1CH GI\u1ea2I QUY\u1ebeT KHI\u1ebeU N\u1ea0I Menard lu\u00f4n c\u00f3 tr\u00e1ch nhi\u1ec7m ti\u1ebfp nh\u1eadn v\u00e0 x\u1eed l\u00fd khi\u1ebfu n\u1ea1i c\u1ee7a Kh\u00e1ch h\u00e0ng li\u00ean quan \u0111\u1ebfn giao d\u1ecbch t\u1ea1i website shop.menard.vn. Khi ph\u00e1t sinh c\u00e1c khi\u1ebfu n\u1ea1i, tranh ch\u1ea5p, Menard \u0111\u1ec1 cao gi\u1ea3i ph\u00e1p th\u01b0\u01a1ng l\u01b0\u1ee3ng, h\u00f2a gi\u1ea3i gi\u1eefa c\u00e1c b\u00ean nh\u1eb1m duy tr\u00ec m\u1ed1i quan h\u1ec7, [&#8230;]\n","protected":false},"author":1,"featured_media":0,"parent":0,"menu_order":0,"comment_status":"closed","ping_status":"closed","template":"","meta":{"footnotes":""},"class_list":["post-827","page","type-page","status-publish","hentry"],"yoast_head":"<!-- This site is optimized with the Yoast SEO Premium plugin v18.9 (Yoast SEO v19.3) - https:\/\/yoast.com\/wordpress\/plugins\/seo\/ -->\n<title>CH\u00cdNH S\u00c1CH GI\u1ea2I QUY\u1ebeT KHI\u1ebeU N\u1ea0I - Menard Vi\u1ec7t Nam<\/title>\n<meta name=\"robots\" content=\"index, follow, max-snippet:-1, max-image-preview:large, max-video-preview:-1\" \/>\n<link rel=\"canonical\" href=\"https:\/\/demo8.thanhdientech.com\/menard\/chinh-sach-giai-quyet-khieu-nai.html\" \/>\n<meta property=\"og:locale\" content=\"vi_VN\" \/>\n<meta property=\"og:type\" content=\"article\" \/>\n<meta property=\"og:title\" content=\"CH\u00cdNH S\u00c1CH GI\u1ea2I QUY\u1ebeT KHI\u1ebeU N\u1ea0I\" \/>\n<meta property=\"og:description\" content=\"CH\u00cdNH S\u00c1CH GI\u1ea2I QUY\u1ebeT KHI\u1ebeU N\u1ea0I Menard lu\u00f4n c\u00f3 tr\u00e1ch nhi\u1ec7m ti\u1ebfp nh\u1eadn v\u00e0 x\u1eed l\u00fd khi\u1ebfu n\u1ea1i c\u1ee7a Kh\u00e1ch h\u00e0ng li\u00ean quan \u0111\u1ebfn giao d\u1ecbch t\u1ea1i website shop.menard.vn. Khi ph\u00e1t sinh c\u00e1c khi\u1ebfu n\u1ea1i, tranh ch\u1ea5p, Menard \u0111\u1ec1 cao gi\u1ea3i ph\u00e1p th\u01b0\u01a1ng l\u01b0\u1ee3ng, h\u00f2a gi\u1ea3i gi\u1eefa c\u00e1c b\u00ean nh\u1eb1m duy tr\u00ec m\u1ed1i quan h\u1ec7, [...]\" \/>\n<meta property=\"og:url\" content=\"https:\/\/demo8.thanhdientech.com\/menard\/chinh-sach-giai-quyet-khieu-nai.html\" \/>\n<meta property=\"og:site_name\" content=\"Menard Vi\u1ec7t Nam\" \/>\n<meta name=\"twitter:card\" content=\"summary_large_image\" \/>\n<meta name=\"twitter:label1\" content=\"\u01af\u1edbc t\u00ednh th\u1eddi gian \u0111\u1ecdc\" \/>\n\t<meta name=\"twitter:data1\" content=\"2 ph\u00fat\" \/>\n<script type=\"application\/ld+json\" class=\"yoast-schema-graph\">{\"@context\":\"https:\/\/schema.org\",\"@graph\":[{\"@type\":\"WebSite\",\"@id\":\"https:\/\/demo8.thanhdientech.com\/menard\/#website\",\"url\":\"https:\/\/demo8.thanhdientech.com\/menard\/\",\"name\":\"Menard Vi\u1ec7t Nam\",\"description\":\"Th\u01b0\u01a1ng hi\u1ec7u m\u1ef9 ph\u1ea9m &amp; Spa cao c\u1ea5p \u0111\u1ebfn t\u1eeb Nh\u1eadt B\u1ea3n\",\"potentialAction\":[{\"@type\":\"SearchAction\",\"target\":{\"@type\":\"EntryPoint\",\"urlTemplate\":\"https:\/\/demo8.thanhdientech.com\/menard\/?s={search_term_string}\"},\"query-input\":\"required name=search_term_string\"}],\"inLanguage\":\"vi\"},{\"@type\":\"WebPage\",\"@id\":\"https:\/\/demo8.thanhdientech.com\/menard\/chinh-sach-giai-quyet-khieu-nai.html\",\"url\":\"https:\/\/demo8.thanhdientech.com\/menard\/chinh-sach-giai-quyet-khieu-nai.html\",\"name\":\"CH\u00cdNH S\u00c1CH GI\u1ea2I QUY\u1ebeT KHI\u1ebeU N\u1ea0I - Menard Vi\u1ec7t Nam\",\"isPartOf\":{\"@id\":\"https:\/\/demo8.thanhdientech.com\/menard\/#website\"},\"datePublished\":\"2023-03-21T14:48:43+00:00\",\"dateModified\":\"2023-03-21T14:48:43+00:00\",\"breadcrumb\":{\"@id\":\"https:\/\/demo8.thanhdientech.com\/menard\/chinh-sach-giai-quyet-khieu-nai.html#breadcrumb\"},\"inLanguage\":\"vi\",\"potentialAction\":[{\"@type\":\"ReadAction\",\"target\":[\"https:\/\/demo8.thanhdientech.com\/menard\/chinh-sach-giai-quyet-khieu-nai.html\"]}]},{\"@type\":\"BreadcrumbList\",\"@id\":\"https:\/\/demo8.thanhdientech.com\/menard\/chinh-sach-giai-quyet-khieu-nai.html#breadcrumb\",\"itemListElement\":[{\"@type\":\"ListItem\",\"position\":1,\"name\":\"Home\",\"item\":\"https:\/\/demo8.thanhdientech.com\/menard\/\"},{\"@type\":\"ListItem\",\"position\":2,\"name\":\"CH\u00cdNH S\u00c1CH GI\u1ea2I QUY\u1ebeT KHI\u1ebeU N\u1ea0I\"}]}]}<\/script>\n<!-- \/ Yoast SEO Premium plugin. -->","yoast_head_json":{"title":"CH\u00cdNH S\u00c1CH GI\u1ea2I QUY\u1ebeT KHI\u1ebeU N\u1ea0I - Menard Vi\u1ec7t Nam","robots":{"index":"index","follow":"follow","max-snippet":"max-snippet:-1","max-image-preview":"max-image-preview:large","max-video-preview":"max-video-preview:-1"},"canonical":"https:\/\/demo8.thanhdientech.com\/menard\/chinh-sach-giai-quyet-khieu-nai.html","og_locale":"vi_VN","og_type":"article","og_title":"CH\u00cdNH S\u00c1CH GI\u1ea2I QUY\u1ebeT KHI\u1ebeU N\u1ea0I","og_description":"CH\u00cdNH S\u00c1CH GI\u1ea2I QUY\u1ebeT KHI\u1ebeU N\u1ea0I Menard lu\u00f4n c\u00f3 tr\u00e1ch nhi\u1ec7m ti\u1ebfp nh\u1eadn v\u00e0 x\u1eed l\u00fd khi\u1ebfu n\u1ea1i c\u1ee7a Kh\u00e1ch h\u00e0ng li\u00ean quan \u0111\u1ebfn giao d\u1ecbch t\u1ea1i website shop.menard.vn. Khi ph\u00e1t sinh c\u00e1c khi\u1ebfu n\u1ea1i, tranh ch\u1ea5p, Menard \u0111\u1ec1 cao gi\u1ea3i ph\u00e1p th\u01b0\u01a1ng l\u01b0\u1ee3ng, h\u00f2a gi\u1ea3i gi\u1eefa c\u00e1c b\u00ean nh\u1eb1m duy tr\u00ec m\u1ed1i quan h\u1ec7, [...]","og_url":"https:\/\/demo8.thanhdientech.com\/menard\/chinh-sach-giai-quyet-khieu-nai.html","og_site_name":"Menard Vi\u1ec7t Nam","twitter_card":"summary_large_image","twitter_misc":{"\u01af\u1edbc t\u00ednh th\u1eddi gian \u0111\u1ecdc":"2 ph\u00fat"},"schema":{"@context":"https:\/\/schema.org","@graph":[{"@type":"WebSite","@id":"https:\/\/demo8.thanhdientech.com\/menard\/#website","url":"https:\/\/demo8.thanhdientech.com\/menard\/","name":"Menard Vi\u1ec7t Nam","description":"Th\u01b0\u01a1ng hi\u1ec7u m\u1ef9 ph\u1ea9m &amp; Spa cao c\u1ea5p \u0111\u1ebfn t\u1eeb Nh\u1eadt B\u1ea3n","potentialAction":[{"@type":"SearchAction","target":{"@type":"EntryPoint","urlTemplate":"https:\/\/demo8.thanhdientech.com\/menard\/?s={search_term_string}"},"query-input":"required name=search_term_string"}],"inLanguage":"vi"},{"@type":"WebPage","@id":"https:\/\/demo8.thanhdientech.com\/menard\/chinh-sach-giai-quyet-khieu-nai.html","url":"https:\/\/demo8.thanhdientech.com\/menard\/chinh-sach-giai-quyet-khieu-nai.html","name":"CH\u00cdNH S\u00c1CH GI\u1ea2I QUY\u1ebeT KHI\u1ebeU N\u1ea0I - Menard Vi\u1ec7t Nam","isPartOf":{"@id":"https:\/\/demo8.thanhdientech.com\/menard\/#website"},"datePublished":"2023-03-21T14:48:43+00:00","dateModified":"2023-03-21T14:48:43+00:00","breadcrumb":{"@id":"https:\/\/demo8.thanhdientech.com\/menard\/chinh-sach-giai-quyet-khieu-nai.html#breadcrumb"},"inLanguage":"vi","potentialAction":[{"@type":"ReadAction","target":["https:\/\/demo8.thanhdientech.com\/menard\/chinh-sach-giai-quyet-khieu-nai.html"]}]},{"@type":"BreadcrumbList","@id":"https:\/\/demo8.thanhdientech.com\/menard\/chinh-sach-giai-quyet-khieu-nai.html#breadcrumb","itemListElement":[{"@type":"ListItem","position":1,"name":"Home","item":"https:\/\/demo8.thanhdientech.com\/menard\/"},{"@type":"ListItem","position":2,"name":"CH\u00cdNH S\u00c1CH GI\u1ea2I QUY\u1ebeT KHI\u1ebeU N\u1ea0I"}]}]}},"_links":{"self":[{"href":"https:\/\/demo8.thanhdientech.com\/menard\/wp-json\/wp\/v2\/pages\/827","targetHints":{"allow":["GET"]}}],"collection":[{"href":"https:\/\/demo8.thanhdientech.com\/menard\/wp-json\/wp\/v2\/pages"}],"about":[{"href":"https:\/\/demo8.thanhdientech.com\/menard\/wp-json\/wp\/v2\/types\/page"}],"author":[{"embeddable":true,"href":"https:\/\/demo8.thanhdientech.com\/menard\/wp-json\/wp\/v2\/users\/1"}],"replies":[{"embeddable":true,"href":"https:\/\/demo8.thanhdientech.com\/menard\/wp-json\/wp\/v2\/comments?post=827"}],"version-history":[{"count":1,"href":"https:\/\/demo8.thanhdientech.com\/menard\/wp-json\/wp\/v2\/pages\/827\/revisions"}],"predecessor-version":[{"id":828,"href":"https:\/\/demo8.thanhdientech.com\/menard\/wp-json\/wp\/v2\/pages\/827\/revisions\/828"}],"wp:attachment":[{"href":"https:\/\/demo8.thanhdientech.com\/menard\/wp-json\/wp\/v2\/media?parent=827"}],"curies":[{"name":"wp","href":"https:\/\/api.w.org\/{rel}","templated":true}]}}