{"id":814,"date":"2023-03-21T21:29:55","date_gmt":"2023-03-21T14:29:55","guid":{"rendered":"https:\/\/demo8.thanhdientech.com\/menard\/?page_id=814"},"modified":"2023-03-21T21:29:55","modified_gmt":"2023-03-21T14:29:55","slug":"chinh-sach-bao-hanh","status":"publish","type":"page","link":"https:\/\/demo8.thanhdientech.com\/menard\/chinh-sach-bao-hanh.html","title":{"rendered":"CH\u00cdNH S\u00c1CH B\u1ea2O H\u00c0NH"},"content":{"rendered":"<div class=\"entry-title\">\n<h2><span style=\"font-size: 25.92px;\">CH\u00cdNH S\u00c1CH B\u1ea2O H\u00c0NH<\/span><\/h2>\n<\/div>\n<div class=\"entry\">\n<div class=\"content-post box-single\">\n<h2>1. Ch\u00ednh s\u00e1ch b\u1ea3o h\u00e0nh:<\/h2>\n<p>B\u1ea3o h\u00e0nh ch\u00ednh h\u00e3ng c\u00e1c s\u1ea3n ph\u1ea9m do Menard ph\u00e2n ph\u1ed1i ho\u1eb7c c\u00e1c H\u1ee3p t\u00e1c \u0111\u1ea7u t\u01b0 thu\u1ed9c \u1ee7y quy\u1ec1n c\u1ee7a Menard tr\u00ean to\u00e0n qu\u1ed1c. Th\u1eddi gian b\u1ea3o h\u00e0nh t\u00f9y thu\u1ed9c v\u00e0o t\u1eebng d\u00f2ng s\u1ea3n ph\u1ea9m. S\u1ea3n ph\u1ea9m ph\u1ea3i c\u00f3 h\u00f3a \u0111\u01a1n ho\u1eb7c ch\u1ee9ng minh s\u1ea3n ph\u1ea9m \u0111\u01b0\u1ee3c ph\u00e2n ph\u1ed1i t\u1ea1i Menard th\u00ec s\u1ebd \u0111\u01b0\u1ee3c b\u1ea3o h\u00e0nh k\u1ec3 c\u1ea3 KH\u00d4NG h\u1ed9p v\u00e0 c\u00e1c ph\u1ee5 ki\u1ec7n \u0111i k\u00e8m. Trong tr\u01b0\u1eddng h\u1ee3p s\u1ea3n ph\u1ea9m b\u1ea3o h\u00e0nh ph\u1ea3i thay th\u1ebf m\u00e0 kh\u00f4ng c\u00f3 s\u1ea3n ph\u1ea9m thay th\u1ebf th\u00ec \u00e1p d\u1ee5ng ch\u00ednh s\u00e1ch ho\u00e0n ti\u1ec1n theo t\u1ef7 l\u1ec7, tham kh\u1ea3o th\u00eam t\u1ea1i \u0111\u00e2y.<\/p>\n<h2>2. \u0110i\u1ec1u ki\u1ec7n b\u1ea3o h\u00e0nh:<\/h2>\n<p>S\u1ea3n ph\u1ea9m c\u00f2n trong th\u1eddi gian b\u1ea3o h\u00e0nh. S\u1ea3n ph\u1ea9m c\u00f2n nguy\u00ean v\u1eb9n, kh\u00f4ng b\u1ecb n\u1ee9t v\u1ee1, kh\u00f4ng b\u1ecb bi\u1ebfn d\u1ea1ng, thay \u0111\u1ed5i h\u00ecnh d\u1ea1ng k\u00edch th\u01b0\u1edbc, ch\u1ee9c n\u0103ng do c\u00e1c t\u00e1c \u0111\u1ed9ng c\u1ee7a ngo\u1ea1i l\u1ef1c hay c\u00e1c y\u1ebfu t\u1ed1 b\u00ean ngo\u00e0i. S\u1ea3n ph\u1ea9m c\u00f2n nguy\u00ean v\u1eb9n v\u00e0 \u0111\u1ea7y \u0111\u1ee7 tem c\u1ee7a Menard.<\/p>\n<h2>3. Kh\u00f4ng thu\u1ed9c di\u1ec7n b\u1ea3o h\u00e0nh:<\/h2>\n<p>S\u1ea3n ph\u1ea9m \u0111\u00e3 h\u1ebft th\u1eddi gian b\u1ea3o h\u00e0nh. S\u1ea3n ph\u1ea9m kh\u00f4ng mua t\u1eeb ngu\u1ed3n ph\u00e2n ph\u1ed1i ch\u00ednh h\u00e3ng c\u1ee7a Menard S\u1ea3n ph\u1ea9m b\u1ecb h\u01b0 h\u1ea1i do thi\u00ean tai, h\u1ecfa ho\u1ea1n, c\u00f4n tr\u00f9ng, \u0111\u1ed9ng v\u1eadt t\u00e1c \u0111\u1ed9ng. S\u1ea3n ph\u1ea9m \u0111\u1eb7t n\u01a1i b\u1ee5i b\u1ea9n, \u1ea9m \u01b0\u1edbt, b\u1ecb v\u00e0o n\u01b0\u1edbc, b\u1ecb th\u1ea5m n\u01b0\u1edbc. Nh\u1eefng t\u00e1c \u0111\u1ed9ng ch\u1ee7 quan l\u00ean s\u1ea3n ph\u1ea9m g\u00e2y bi\u1ebfn d\u1ea1ng, n\u1ee9t v\u1ee1, tr\u1ea7y x\u01b0\u1edbc. C\u00e1c l\u1ed7i do b\u1ea3o qu\u1ea3n kh\u00f4ng c\u1ea9n th\u1eadn v\u00e0 s\u1eed d\u1ee5ng kh\u00f4ng theo h\u01b0\u1edbng d\u1eabn s\u1eed d\u1ee5ng.<\/p>\n<h2>4. Th\u1eddi gian b\u1ea3o h\u00e0nh:<\/h2>\n<p>C\u0103n c\u1ee9 v\u00e0o th\u1eddi gian kh\u00e1ch h\u00e0ng mua s\u1ea3n ph\u1ea9m.<\/p>\n<p>Th\u1eddi gian x\u1eed l\u00fd b\u1ea3o h\u00e0nh t\u1eeb 07-14 ng\u00e0y (Kh\u00f4ng k\u1ec3 Th\u1ee9 7, Ch\u1ee7 nh\u1eadt, L\u1ec5, T\u1ebft).<\/p>\n<h2>5. H\u01b0\u1edbng d\u1eabn b\u1ea3o h\u00e0nh:<\/h2>\n<p><strong>a. \u0110\u1ecba \u0111i\u1ec3m ti\u1ebfp nh\u1eadn b\u1ea3o h\u00e0nh:<\/strong><\/p>\n<p>Tr\u1ee5 s\u1edf Menard Vi\u1ec7t Nam: T\u1ea7ng 1, T\u00f2a nh\u00e0 VMT \u2013 86 Duy T\u00e2n \u2013 C\u1ea7u Gi\u1ea5y \u2013 H\u00e0 N\u1ed9i<\/p>\n<p>Hotline:\u00a0<strong>0379 01 01 01<\/strong><\/p>\n<p><strong>b. Th\u1eddi gian ti\u1ebfp nh\u1eadn b\u1ea3o h\u00e0nh theo gi\u1edd h\u00e0nh ch\u00ednh:<\/strong><\/p>\n<p>Th\u1ee9 2 \u2013 Th\u1ee9 6 t\u1eeb 8h30 \u2013 12h30 v\u00e0 13h30 \u2013 17h30<\/p>\n<p>Th\u1ee9 7 t\u1eeb 8h30 \u2013 12h30 (Tr\u1eeb Ch\u1ee7 nh\u1eadt, L\u1ec5, T\u1ebft)<\/p>\n<p>\u0110\u1ec3 tr\u00e1nh m\u1ea5t th\u1eddi gian v\u00e0 chi ph\u00ed ph\u00e1t sinh, qu\u00fd kh\u00e1ch h\u00e0ng c\u00f3 th\u1ec3 li\u00ean h\u1ec7 tr\u01b0\u1edbc qua Fanpage Menard Vi\u1ec7t Nam ho\u1eb7c li\u00ean h\u1ec7 Hotline: 0379 01 01 01 \u0111\u1ec3 \u0111\u01b0\u1ee3c h\u1ed7 tr\u1ee3 b\u1ea3o h\u00e0nh. Qu\u00fd kh\u00e1ch h\u00e0ng c\u00f3 th\u1ec3 \u0111\u1ebfn b\u1ea3o h\u00e0nh tr\u1ef1c ti\u1ebfp t\u1ea1i Menard trong th\u1eddi gian l\u00e0m vi\u1ec7c ho\u1eb7c g\u1eedi qua chuy\u1ec3n ph\u00e1t, k\u00e8m theo th\u00f4ng tin v\u1eadn \u0111\u01a1n, ch\u00fang t\u00f4i s\u1ebd li\u00ean h\u1ec7 v\u1edbi qu\u00fd kh\u00e1ch h\u00e0ng \u0111\u1ec3 ph\u1ea3n h\u1ed3i th\u00f4ng tin v\u00e0 t\u00ecnh tr\u1ea1ng b\u1ea3o h\u00e0nh.<\/p>\n<p><strong>c. Ph\u00ed v\u1eadn chuy\u1ec3n s\u1ea3n ph\u1ea9m b\u1ea3o h\u00e0nh:<\/strong><\/p>\n<p>Qu\u00fd kh\u00e1ch h\u00e0ng c\u00f3 th\u1ec3 \u0111\u1ebfn tr\u1ef1c ti\u1ebfp tr\u1ee5 s\u1edf Menard \u0111\u1ec3 g\u1eedi ho\u1eb7c nh\u1eadn l\u1ea1i s\u1ea3n ph\u1ea9m b\u1ea3o h\u00e0nh (\u0110\u00e3 nh\u1eadn th\u00f4ng b\u00e1o t\u1eeb b\u1ed9 ph\u1eadn CSKH) Menard h\u1ed7 tr\u1ee3 mi\u1ec5n ph\u00ed v\u1eadn chuy\u1ec3n g\u1eedi tr\u1ea3 s\u1ea3n ph\u1ea9m b\u1ea3o h\u00e0nh \u0111\u1ebfn qu\u00fd kh\u00e1ch h\u00e0ng Qu\u00fd kh\u00e1ch h\u00e0ng vui l\u00f2ng tr\u1ea3 chi ph\u00ed v\u1eadn chuy\u1ec3n khi g\u1eedi s\u1ea3n ph\u1ea9m b\u1ea3o h\u00e0nh v\u1ec1 Menard<\/p>\n<p><strong><em>*L\u01b0u \u00fd: T\u1ea5t c\u1ea3 c\u00e1c s\u1ea3n ph\u1ea9m khi g\u1eedi v\u1ec1 Menard b\u1ea3o h\u00e0nh, qu\u00fd kh\u00e1ch h\u00e0ng c\u1ea7n ghi r\u00f5: H\u1ecd v\u00e0 t\u00ean, s\u1ed1 \u0111i\u1ec7n tho\u1ea1i, m\u00f4 t\u1ea3 chi ti\u1ebft nguy\u00ean nh\u00e2n, v\u1ea5n \u0111\u1ec1 c\u1ea7n b\u1ea3o h\u00e0nh \u0111\u1ec3 Menard thu\u1eadn ti\u1ec7n trong vi\u1ec7c ti\u1ebfp nh\u1eadn v\u00e0 x\u1eed l\u00fd b\u1ea3o h\u00e0nh.<\/em><\/strong><\/p>\n<\/div>\n<\/div>\n","protected":false},"excerpt":{"rendered":"<p>CH\u00cdNH S\u00c1CH B\u1ea2O H\u00c0NH 1. Ch\u00ednh s\u00e1ch b\u1ea3o h\u00e0nh: B\u1ea3o h\u00e0nh ch\u00ednh h\u00e3ng c\u00e1c s\u1ea3n ph\u1ea9m do Menard ph\u00e2n ph\u1ed1i ho\u1eb7c c\u00e1c H\u1ee3p t\u00e1c \u0111\u1ea7u t\u01b0 thu\u1ed9c \u1ee7y quy\u1ec1n c\u1ee7a Menard tr\u00ean to\u00e0n qu\u1ed1c. Th\u1eddi gian b\u1ea3o h\u00e0nh t\u00f9y thu\u1ed9c v\u00e0o t\u1eebng d\u00f2ng s\u1ea3n ph\u1ea9m. S\u1ea3n ph\u1ea9m ph\u1ea3i c\u00f3 h\u00f3a \u0111\u01a1n ho\u1eb7c ch\u1ee9ng minh s\u1ea3n [&#8230;]\n","protected":false},"author":1,"featured_media":0,"parent":0,"menu_order":0,"comment_status":"closed","ping_status":"closed","template":"","meta":{"footnotes":""},"class_list":["post-814","page","type-page","status-publish","hentry"],"yoast_head":"<!-- This site is optimized with the Yoast SEO Premium plugin v18.9 (Yoast SEO v19.3) - https:\/\/yoast.com\/wordpress\/plugins\/seo\/ -->\n<title>CH\u00cdNH S\u00c1CH B\u1ea2O H\u00c0NH - Menard Vi\u1ec7t Nam<\/title>\n<meta name=\"robots\" content=\"index, follow, max-snippet:-1, max-image-preview:large, max-video-preview:-1\" \/>\n<link rel=\"canonical\" href=\"https:\/\/demo8.thanhdientech.com\/menard\/chinh-sach-bao-hanh.html\" \/>\n<meta property=\"og:locale\" content=\"vi_VN\" \/>\n<meta property=\"og:type\" content=\"article\" \/>\n<meta property=\"og:title\" content=\"CH\u00cdNH S\u00c1CH B\u1ea2O H\u00c0NH\" \/>\n<meta property=\"og:description\" content=\"CH\u00cdNH S\u00c1CH B\u1ea2O H\u00c0NH 1. Ch\u00ednh s\u00e1ch b\u1ea3o h\u00e0nh: B\u1ea3o h\u00e0nh ch\u00ednh h\u00e3ng c\u00e1c s\u1ea3n ph\u1ea9m do Menard ph\u00e2n ph\u1ed1i ho\u1eb7c c\u00e1c H\u1ee3p t\u00e1c \u0111\u1ea7u t\u01b0 thu\u1ed9c \u1ee7y quy\u1ec1n c\u1ee7a Menard tr\u00ean to\u00e0n qu\u1ed1c. Th\u1eddi gian b\u1ea3o h\u00e0nh t\u00f9y thu\u1ed9c v\u00e0o t\u1eebng d\u00f2ng s\u1ea3n ph\u1ea9m. S\u1ea3n ph\u1ea9m ph\u1ea3i c\u00f3 h\u00f3a \u0111\u01a1n ho\u1eb7c ch\u1ee9ng minh s\u1ea3n [...]\" \/>\n<meta property=\"og:url\" content=\"https:\/\/demo8.thanhdientech.com\/menard\/chinh-sach-bao-hanh.html\" \/>\n<meta property=\"og:site_name\" content=\"Menard Vi\u1ec7t Nam\" \/>\n<meta name=\"twitter:card\" content=\"summary_large_image\" \/>\n<meta name=\"twitter:label1\" content=\"\u01af\u1edbc t\u00ednh th\u1eddi gian \u0111\u1ecdc\" \/>\n\t<meta name=\"twitter:data1\" content=\"4 ph\u00fat\" \/>\n<script type=\"application\/ld+json\" class=\"yoast-schema-graph\">{\"@context\":\"https:\/\/schema.org\",\"@graph\":[{\"@type\":\"WebSite\",\"@id\":\"https:\/\/demo8.thanhdientech.com\/menard\/#website\",\"url\":\"https:\/\/demo8.thanhdientech.com\/menard\/\",\"name\":\"Menard Vi\u1ec7t Nam\",\"description\":\"Th\u01b0\u01a1ng hi\u1ec7u m\u1ef9 ph\u1ea9m &amp; Spa cao c\u1ea5p \u0111\u1ebfn t\u1eeb Nh\u1eadt B\u1ea3n\",\"potentialAction\":[{\"@type\":\"SearchAction\",\"target\":{\"@type\":\"EntryPoint\",\"urlTemplate\":\"https:\/\/demo8.thanhdientech.com\/menard\/?s={search_term_string}\"},\"query-input\":\"required name=search_term_string\"}],\"inLanguage\":\"vi\"},{\"@type\":\"WebPage\",\"@id\":\"https:\/\/demo8.thanhdientech.com\/menard\/chinh-sach-bao-hanh.html\",\"url\":\"https:\/\/demo8.thanhdientech.com\/menard\/chinh-sach-bao-hanh.html\",\"name\":\"CH\u00cdNH S\u00c1CH B\u1ea2O H\u00c0NH - Menard Vi\u1ec7t Nam\",\"isPartOf\":{\"@id\":\"https:\/\/demo8.thanhdientech.com\/menard\/#website\"},\"datePublished\":\"2023-03-21T14:29:55+00:00\",\"dateModified\":\"2023-03-21T14:29:55+00:00\",\"breadcrumb\":{\"@id\":\"https:\/\/demo8.thanhdientech.com\/menard\/chinh-sach-bao-hanh.html#breadcrumb\"},\"inLanguage\":\"vi\",\"potentialAction\":[{\"@type\":\"ReadAction\",\"target\":[\"https:\/\/demo8.thanhdientech.com\/menard\/chinh-sach-bao-hanh.html\"]}]},{\"@type\":\"BreadcrumbList\",\"@id\":\"https:\/\/demo8.thanhdientech.com\/menard\/chinh-sach-bao-hanh.html#breadcrumb\",\"itemListElement\":[{\"@type\":\"ListItem\",\"position\":1,\"name\":\"Home\",\"item\":\"https:\/\/demo8.thanhdientech.com\/menard\/\"},{\"@type\":\"ListItem\",\"position\":2,\"name\":\"CH\u00cdNH S\u00c1CH B\u1ea2O H\u00c0NH\"}]}]}<\/script>\n<!-- \/ Yoast SEO Premium plugin. -->","yoast_head_json":{"title":"CH\u00cdNH S\u00c1CH B\u1ea2O H\u00c0NH - Menard Vi\u1ec7t Nam","robots":{"index":"index","follow":"follow","max-snippet":"max-snippet:-1","max-image-preview":"max-image-preview:large","max-video-preview":"max-video-preview:-1"},"canonical":"https:\/\/demo8.thanhdientech.com\/menard\/chinh-sach-bao-hanh.html","og_locale":"vi_VN","og_type":"article","og_title":"CH\u00cdNH S\u00c1CH B\u1ea2O H\u00c0NH","og_description":"CH\u00cdNH S\u00c1CH B\u1ea2O H\u00c0NH 1. Ch\u00ednh s\u00e1ch b\u1ea3o h\u00e0nh: B\u1ea3o h\u00e0nh ch\u00ednh h\u00e3ng c\u00e1c s\u1ea3n ph\u1ea9m do Menard ph\u00e2n ph\u1ed1i ho\u1eb7c c\u00e1c H\u1ee3p t\u00e1c \u0111\u1ea7u t\u01b0 thu\u1ed9c \u1ee7y quy\u1ec1n c\u1ee7a Menard tr\u00ean to\u00e0n qu\u1ed1c. Th\u1eddi gian b\u1ea3o h\u00e0nh t\u00f9y thu\u1ed9c v\u00e0o t\u1eebng d\u00f2ng s\u1ea3n ph\u1ea9m. S\u1ea3n ph\u1ea9m ph\u1ea3i c\u00f3 h\u00f3a \u0111\u01a1n ho\u1eb7c ch\u1ee9ng minh s\u1ea3n [...]","og_url":"https:\/\/demo8.thanhdientech.com\/menard\/chinh-sach-bao-hanh.html","og_site_name":"Menard Vi\u1ec7t Nam","twitter_card":"summary_large_image","twitter_misc":{"\u01af\u1edbc t\u00ednh th\u1eddi gian \u0111\u1ecdc":"4 ph\u00fat"},"schema":{"@context":"https:\/\/schema.org","@graph":[{"@type":"WebSite","@id":"https:\/\/demo8.thanhdientech.com\/menard\/#website","url":"https:\/\/demo8.thanhdientech.com\/menard\/","name":"Menard Vi\u1ec7t Nam","description":"Th\u01b0\u01a1ng hi\u1ec7u m\u1ef9 ph\u1ea9m &amp; Spa cao c\u1ea5p \u0111\u1ebfn t\u1eeb Nh\u1eadt B\u1ea3n","potentialAction":[{"@type":"SearchAction","target":{"@type":"EntryPoint","urlTemplate":"https:\/\/demo8.thanhdientech.com\/menard\/?s={search_term_string}"},"query-input":"required name=search_term_string"}],"inLanguage":"vi"},{"@type":"WebPage","@id":"https:\/\/demo8.thanhdientech.com\/menard\/chinh-sach-bao-hanh.html","url":"https:\/\/demo8.thanhdientech.com\/menard\/chinh-sach-bao-hanh.html","name":"CH\u00cdNH S\u00c1CH B\u1ea2O H\u00c0NH - Menard Vi\u1ec7t Nam","isPartOf":{"@id":"https:\/\/demo8.thanhdientech.com\/menard\/#website"},"datePublished":"2023-03-21T14:29:55+00:00","dateModified":"2023-03-21T14:29:55+00:00","breadcrumb":{"@id":"https:\/\/demo8.thanhdientech.com\/menard\/chinh-sach-bao-hanh.html#breadcrumb"},"inLanguage":"vi","potentialAction":[{"@type":"ReadAction","target":["https:\/\/demo8.thanhdientech.com\/menard\/chinh-sach-bao-hanh.html"]}]},{"@type":"BreadcrumbList","@id":"https:\/\/demo8.thanhdientech.com\/menard\/chinh-sach-bao-hanh.html#breadcrumb","itemListElement":[{"@type":"ListItem","position":1,"name":"Home","item":"https:\/\/demo8.thanhdientech.com\/menard\/"},{"@type":"ListItem","position":2,"name":"CH\u00cdNH S\u00c1CH B\u1ea2O H\u00c0NH"}]}]}},"_links":{"self":[{"href":"https:\/\/demo8.thanhdientech.com\/menard\/wp-json\/wp\/v2\/pages\/814","targetHints":{"allow":["GET"]}}],"collection":[{"href":"https:\/\/demo8.thanhdientech.com\/menard\/wp-json\/wp\/v2\/pages"}],"about":[{"href":"https:\/\/demo8.thanhdientech.com\/menard\/wp-json\/wp\/v2\/types\/page"}],"author":[{"embeddable":true,"href":"https:\/\/demo8.thanhdientech.com\/menard\/wp-json\/wp\/v2\/users\/1"}],"replies":[{"embeddable":true,"href":"https:\/\/demo8.thanhdientech.com\/menard\/wp-json\/wp\/v2\/comments?post=814"}],"version-history":[{"count":1,"href":"https:\/\/demo8.thanhdientech.com\/menard\/wp-json\/wp\/v2\/pages\/814\/revisions"}],"predecessor-version":[{"id":815,"href":"https:\/\/demo8.thanhdientech.com\/menard\/wp-json\/wp\/v2\/pages\/814\/revisions\/815"}],"wp:attachment":[{"href":"https:\/\/demo8.thanhdientech.com\/menard\/wp-json\/wp\/v2\/media?parent=814"}],"curies":[{"name":"wp","href":"https:\/\/api.w.org\/{rel}","templated":true}]}}